{"id":166,"date":"2024-08-14T12:49:49","date_gmt":"2024-08-14T12:49:49","guid":{"rendered":"https:\/\/www.ativert.fr\/?page_id=166"},"modified":"2024-08-14T12:49:49","modified_gmt":"2024-08-14T12:49:49","slug":"projet-social","status":"publish","type":"page","link":"https:\/\/www.ativert.fr\/?page_id=166","title":{"rendered":"Projet social"},"content":{"rendered":"\n<h2 class=\"wp-block-heading alignfull has-text-align-center pt-5\" style=\"font-size:35px\">ATI-VERT, UNE ENTREPRISE D&rsquo;INSERTION<\/h2>\n\n\n\n<h3 class=\"wp-block-heading alignfull has-text-align-left pt-5\" style=\"font-size:23px\">Qu&rsquo;est-ce qu&rsquo;une entreprise d&rsquo;insertion ?<\/h3>\n\n\n\n<p>Une entreprise d\u2019insertion est une entreprise op\u00e9rant dans le secteur marchand, mais dont la<br>finalit\u00e9 est avant tout sociale&nbsp;: proposer \u00e0 des personnes en difficult\u00e9 une activit\u00e9 productive<br>assortie de diff\u00e9rentes prestations d\u00e9finies selon les besoins de l\u2019int\u00e9ress\u00e9 (r\u00e9-entra\u00eenement<br>aux rythmes de travail, formation, accompagnement social \u2026) pour construire et finaliser<br>avec elles un parcours d\u2019insertion socioprofessionnel durable.<\/p>\n\n\n\n<h3 class=\"wp-block-heading alignfull has-text-align-left pt-5\" style=\"font-size:23px\">Projet social<\/h3>\n\n\n\n<p>ATIVERT souhaite offrir l\u2019opportunit\u00e9 d\u2019une \u00e9tape suppl\u00e9mentaire dans l\u2019insertion<br>professionnelle des personnes en difficult\u00e9, avec la construction d\u2019un parcours d\u2019insertion<br>coh\u00e9rent, sp\u00e9cialis\u00e9 dans le domaine de la cr\u00e9ation et l\u2019entretien des jardins et des espaces<br>verts.<br>&nbsp;<br>Le travail \u00e9tant vecteur de l\u2019int\u00e9gration et de la citoyennet\u00e9, proposer un contrat permet de<br>rompre avec la situation de pr\u00e9carit\u00e9 ou d\u2019exclusion.<br>Le projet social s\u2019articule donc autour des objectifs suivants:<br>-L\u2019accueil et l\u2019int\u00e9gration des salari\u00e9s dans l\u2019entreprise<\/p>\n\n\n\n<p>-L\u2019accompagnement technique sur le m\u00e9tier par l\u2019encadrement d\u2019un professionnel<br>-L\u2019accompagnement social des salari\u00e9s par un conseiller d\u2019insertion professionnel mis \u00e0<br>disposition par le RLI<br>-Des formations internes ou externes<br>-Des relations avec la branche professionnelle pour permettre l\u2019insertion durable des salari\u00e9s \u00e0<br>la sortie de l\u2019Entreprise Insertion.<\/p>\n\n\n\n<h2 class=\"wp-block-heading alignfull has-text-align-center pt-5\" style=\"font-size:35px\">PARTENAIRES FINANCEURS<\/h2>\n\n\n\n<p>Aide au d\u00e9marrage :&nbsp; R\u00e9gion Occitanie, D\u00e9partement H\u00e9rault, Caisse d\u2019\u00e9pargne, AIRDIE<br>Aide aux&nbsp;postes :&nbsp; Etat<br>Aide au fonctionnement : Fond d\u00e9partemental d\u2019insertion FDI ; Etat<\/p>\n\n\n\n<div class=\"wp-block-envira-envira-gallery\"><div id=\"envira-gallery-wrap-115\" class=\"envira-gallery-wrap envira-gallery-theme-base envira-lightbox-theme-base\" itemscope itemtype=\"https:\/\/schema.org\/ImageGallery\"><div data-row-height=\"\" data-gallery-theme=\"\" id=\"envira-gallery-115\" class=\"envira-gallery-public  envira-gallery-3-columns envira-clear enviratope envira-gallery-css-animations\" data-envira-columns=\"3\"><div id=\"envira-gallery-item-111\" class=\"envira-gallery-item enviratope-item envira-gallery-item-1 envira-lazy-load\" style=\"padding-left: 3px; padding-bottom: 5px; padding-right: 3px;\"  itemscope itemtype=\"https:\/\/schema.org\/ImageObject\"><div class=\"envira-gallery-item-inner\"><div class=\"envira-gallery-position-overlay  envira-gallery-top-left\"><\/div><div class=\"envira-gallery-position-overlay  envira-gallery-top-right\"><\/div><div class=\"envira-gallery-position-overlay  envira-gallery-bottom-left\"><\/div><div class=\"envira-gallery-position-overlay  envira-gallery-bottom-right\"><\/div><div class=\"envira-lazy\" data-test-width=\"640\" data-test-height=\"480\" style=\"padding-bottom:75%;\"><img decoding=\"async\" id=\"envira-gallery-image-111\" class=\"envira-gallery-image envira-gallery-image-1\" data-envira-index=\"1\" src=\"https:\/\/www.ativert.fr\/wp-content\/uploads\/2024\/08\/ce.jpg\" data-envira-src=\"https:\/\/www.ativert.fr\/wp-content\/uploads\/2024\/08\/ce.jpg\" data-envira-gallery-id=\"115\" data-envira-item-id=\"111\" data-envira-caption=\"ce\" alt=\"\" title=\"ce\"  itemprop=\"thumbnailUrl\" data-envira-srcset=\"https:\/\/www.ativert.fr\/wp-content\/uploads\/2024\/08\/ce.jpg 400w,https:\/\/www.ativert.fr\/wp-content\/uploads\/2024\/08\/ce.jpg 2x\" srcset=\"data:image\/gif;base64,R0lGODlhAQABAIAAAP\/\/\/\/\/\/\/yH5BAEKAAEALAAAAAABAAEAAAICTAEAOw==\" \/><\/div><\/div><\/div><div id=\"envira-gallery-item-110\" class=\"envira-gallery-item enviratope-item envira-gallery-item-2 envira-lazy-load\" style=\"padding-left: 3px; padding-bottom: 5px; padding-right: 3px;\"  itemscope itemtype=\"https:\/\/schema.org\/ImageObject\"><div class=\"envira-gallery-item-inner\"><div class=\"envira-gallery-position-overlay  envira-gallery-top-left\"><\/div><div class=\"envira-gallery-position-overlay  envira-gallery-top-right\"><\/div><div class=\"envira-gallery-position-overlay  envira-gallery-bottom-left\"><\/div><div class=\"envira-gallery-position-overlay  envira-gallery-bottom-right\"><\/div><div class=\"envira-lazy\" data-test-width=\"640\" data-test-height=\"480\" style=\"padding-bottom:75%;\"><img decoding=\"async\" id=\"envira-gallery-image-110\" class=\"envira-gallery-image envira-gallery-image-2\" data-envira-index=\"2\" src=\"https:\/\/www.ativert.fr\/wp-content\/uploads\/2024\/08\/airdie.jpg\" data-envira-src=\"https:\/\/www.ativert.fr\/wp-content\/uploads\/2024\/08\/airdie.jpg\" data-envira-gallery-id=\"115\" data-envira-item-id=\"110\" data-envira-caption=\"airdie\" alt=\"\" title=\"airdie\"  itemprop=\"thumbnailUrl\" data-envira-srcset=\"https:\/\/www.ativert.fr\/wp-content\/uploads\/2024\/08\/airdie.jpg 400w,https:\/\/www.ativert.fr\/wp-content\/uploads\/2024\/08\/airdie.jpg 2x\" srcset=\"data:image\/gif;base64,R0lGODlhAQABAIAAAP\/\/\/\/\/\/\/yH5BAEKAAEALAAAAAABAAEAAAICTAEAOw==\" \/><\/div><\/div><\/div><div id=\"envira-gallery-item-112\" class=\"envira-gallery-item enviratope-item envira-gallery-item-3 envira-lazy-load\" style=\"padding-left: 3px; padding-bottom: 5px; padding-right: 3px;\"  itemscope itemtype=\"https:\/\/schema.org\/ImageObject\"><div class=\"envira-gallery-item-inner\"><div class=\"envira-gallery-position-overlay  envira-gallery-top-left\"><\/div><div class=\"envira-gallery-position-overlay  envira-gallery-top-right\"><\/div><div class=\"envira-gallery-position-overlay  envira-gallery-bottom-left\"><\/div><div class=\"envira-gallery-position-overlay  envira-gallery-bottom-right\"><\/div><div class=\"envira-lazy\" data-test-width=\"640\" data-test-height=\"480\" style=\"padding-bottom:75%;\"><img decoding=\"async\" id=\"envira-gallery-image-112\" class=\"envira-gallery-image envira-gallery-image-3\" data-envira-index=\"3\" src=\"https:\/\/www.ativert.fr\/wp-content\/uploads\/2024\/08\/occitanie-region.png\" data-envira-src=\"https:\/\/www.ativert.fr\/wp-content\/uploads\/2024\/08\/occitanie-region.png\" data-envira-gallery-id=\"115\" data-envira-item-id=\"112\" data-envira-caption=\"occitanie region\" alt=\"\" title=\"occitanie region\"  itemprop=\"thumbnailUrl\" data-envira-srcset=\"https:\/\/www.ativert.fr\/wp-content\/uploads\/2024\/08\/occitanie-region.png 400w,https:\/\/www.ativert.fr\/wp-content\/uploads\/2024\/08\/occitanie-region.png 2x\" srcset=\"data:image\/gif;base64,R0lGODlhAQABAIAAAP\/\/\/\/\/\/\/yH5BAEKAAEALAAAAAABAAEAAAICTAEAOw==\" \/><\/div><\/div><\/div><div id=\"envira-gallery-item-113\" class=\"envira-gallery-item enviratope-item envira-gallery-item-4 envira-lazy-load\" style=\"padding-left: 3px; padding-bottom: 5px; padding-right: 3px;\"  itemscope itemtype=\"https:\/\/schema.org\/ImageObject\"><div class=\"envira-gallery-item-inner\"><div class=\"envira-gallery-position-overlay  envira-gallery-top-left\"><\/div><div class=\"envira-gallery-position-overlay  envira-gallery-top-right\"><\/div><div class=\"envira-gallery-position-overlay  envira-gallery-bottom-left\"><\/div><div class=\"envira-gallery-position-overlay  envira-gallery-bottom-right\"><\/div><div class=\"envira-lazy\" data-test-width=\"640\" data-test-height=\"480\" style=\"padding-bottom:75%;\"><img decoding=\"async\" id=\"envira-gallery-image-113\" class=\"envira-gallery-image envira-gallery-image-4\" data-envira-index=\"4\" src=\"https:\/\/www.ativert.fr\/wp-content\/uploads\/2024\/08\/dh.png\" data-envira-src=\"https:\/\/www.ativert.fr\/wp-content\/uploads\/2024\/08\/dh.png\" data-envira-gallery-id=\"115\" data-envira-item-id=\"113\" data-envira-caption=\"dh\" alt=\"\" title=\"dh\"  itemprop=\"thumbnailUrl\" data-envira-srcset=\"https:\/\/www.ativert.fr\/wp-content\/uploads\/2024\/08\/dh.png 400w,https:\/\/www.ativert.fr\/wp-content\/uploads\/2024\/08\/dh.png 2x\" srcset=\"data:image\/gif;base64,R0lGODlhAQABAIAAAP\/\/\/\/\/\/\/yH5BAEKAAEALAAAAAABAAEAAAICTAEAOw==\" \/><\/div><\/div><\/div><div id=\"envira-gallery-item-157\" class=\"envira-gallery-item enviratope-item envira-gallery-item-5 envira-lazy-load\" style=\"padding-left: 3px; padding-bottom: 5px; padding-right: 3px;\"  itemscope itemtype=\"https:\/\/schema.org\/ImageObject\"><div class=\"envira-gallery-item-inner\"><div class=\"envira-gallery-position-overlay  envira-gallery-top-left\"><\/div><div class=\"envira-gallery-position-overlay  envira-gallery-top-right\"><\/div><div class=\"envira-gallery-position-overlay  envira-gallery-bottom-left\"><\/div><div class=\"envira-gallery-position-overlay  envira-gallery-bottom-right\"><\/div><div class=\"envira-lazy\" data-test-width=\"640\" data-test-height=\"480\" style=\"padding-bottom:75%;\"><img decoding=\"async\" id=\"envira-gallery-image-157\" class=\"envira-gallery-image envira-gallery-image-5\" data-envira-index=\"5\" src=\"https:\/\/www.ativert.fr\/wp-content\/uploads\/2024\/08\/images-1.png\" data-envira-src=\"https:\/\/www.ativert.fr\/wp-content\/uploads\/2024\/08\/images-1.png\" data-envira-gallery-id=\"115\" data-envira-item-id=\"157\" data-envira-caption=\"images\" alt=\"\" title=\"images\"  itemprop=\"thumbnailUrl\" data-envira-srcset=\"https:\/\/www.ativert.fr\/wp-content\/uploads\/2024\/08\/images-1.png 400w,https:\/\/www.ativert.fr\/wp-content\/uploads\/2024\/08\/images-1.png 2x\" srcset=\"data:image\/gif;base64,R0lGODlhAQABAIAAAP\/\/\/\/\/\/\/yH5BAEKAAEALAAAAAABAAEAAAICTAEAOw==\" \/><\/div><\/div><\/div><\/div><\/div><noscript><img decoding=\"async\" src=\"https:\/\/www.ativert.fr\/wp-content\/uploads\/2024\/08\/ce.jpg\" alt=\"\" \/><img decoding=\"async\" src=\"https:\/\/www.ativert.fr\/wp-content\/uploads\/2024\/08\/airdie.jpg\" alt=\"\" \/><img decoding=\"async\" src=\"https:\/\/www.ativert.fr\/wp-content\/uploads\/2024\/08\/occitanie-region.png\" alt=\"\" \/><img decoding=\"async\" src=\"https:\/\/www.ativert.fr\/wp-content\/uploads\/2024\/08\/dh.png\" alt=\"\" \/><img decoding=\"async\" src=\"https:\/\/www.ativert.fr\/wp-content\/uploads\/2024\/08\/images-1.png\" alt=\"\" \/><\/noscript><\/div>\n\n\n\n<p><\/p>\n","protected":false},"excerpt":{"rendered":"<p>ATI-VERT, UNE ENTREPRISE D&rsquo;INSERTION Qu&rsquo;est-ce qu&rsquo;une entreprise d&rsquo;insertion ? Une entreprise d\u2019insertion est une entreprise op\u00e9rant dans le secteur marchand,&hellip;<\/p>\n","protected":false},"author":1,"featured_media":11,"parent":0,"menu_order":0,"comment_status":"closed","ping_status":"closed","template":"","meta":{"footnotes":""},"class_list":["post-166","page","type-page","status-publish","has-post-thumbnail","hentry"],"_links":{"self":[{"href":"https:\/\/www.ativert.fr\/index.php?rest_route=\/wp\/v2\/pages\/166","targetHints":{"allow":["GET"]}}],"collection":[{"href":"https:\/\/www.ativert.fr\/index.php?rest_route=\/wp\/v2\/pages"}],"about":[{"href":"https:\/\/www.ativert.fr\/index.php?rest_route=\/wp\/v2\/types\/page"}],"author":[{"embeddable":true,"href":"https:\/\/www.ativert.fr\/index.php?rest_route=\/wp\/v2\/users\/1"}],"replies":[{"embeddable":true,"href":"https:\/\/www.ativert.fr\/index.php?rest_route=%2Fwp%2Fv2%2Fcomments&post=166"}],"version-history":[{"count":1,"href":"https:\/\/www.ativert.fr\/index.php?rest_route=\/wp\/v2\/pages\/166\/revisions"}],"predecessor-version":[{"id":167,"href":"https:\/\/www.ativert.fr\/index.php?rest_route=\/wp\/v2\/pages\/166\/revisions\/167"}],"wp:featuredmedia":[{"embeddable":true,"href":"https:\/\/www.ativert.fr\/index.php?rest_route=\/wp\/v2\/media\/11"}],"wp:attachment":[{"href":"https:\/\/www.ativert.fr\/index.php?rest_route=%2Fwp%2Fv2%2Fmedia&parent=166"}],"curies":[{"name":"wp","href":"https:\/\/api.w.org\/{rel}","templated":true}]}}